52). Suppose 0*r + 13 = t + 2*r, -2*r - 113 = -5*t. What is the highest common factor of u and t?
21
Let s = 9832 + -9787. What is the highest common divisor of s and 333?
9
Suppose -20*j = 4*g - 18*j - 12610, -3*g + 9440 = -j. Calculate the greatest common factor of 564 and g.
47
Let r = 1192 - 1843. Let n = r - -658. Calculate the greatest common divisor of n and 119.
7
Let l(k) = k**2 - 37*k + 232. Let m be l(30). Suppose 0 = 2*w - 68 - 64. Calculate the greatest common divisor of w and m.
22
Let f(c) = 17*c**3 - c**2 - c - 1. Let l be -2*((-15)/(-10))/3. Let n be f(l). Let m = n - -25. What is the greatest common factor of m and 28?
7
Let q(g) = g**3 - 6*g**2 - 175*g + 36. Let b be q(17). Let f be 2/3*(-2 - -47). What is the greatest common divisor of b and f?
30
Let j be 9/1 + 2 + -6. Let b = j + 16. Suppose 5 = -4*z + 33. What is the highest common divisor of z and b?
7
Let c(d) = -136*d + 2586. Let z be c(18). What is the highest common factor of z and 736?
46
Suppose -5*w + 490 = -w - 2*g, 128 = w + 5*g. Suppose 0 = -a + 9 + 45. Let j = a + -13. Calculate the highest common divisor of w and j.
41
Suppose 62763 = 8*g - 37973. What is the greatest common divisor of 32 and g?
16
Let n(o) = -3*o + 8. Let z be n(3). Let x be (z + 11 - (8 - 5))*43. What is the greatest common divisor of x and 43?
43
Let t(n) = -5*n**2 - 8*n + 147. Let l be t(11). Let y = -337 - l. Calculate the highest common divisor of y and 38.
19
Suppose -22*x = -20*x + 5*s - 3352, x - 3*s - 1654 = 0. Calculate the greatest common divisor of 68 and x.
34
Suppose -228 = -y - 6*v, 4*v - 80 + 104 = 0. What is the greatest common divisor of y and 2200?
88
Let s be -6 - (-7 + (-16)/4). Let w(n) = 23*n**2 + 11*n - 4. Let t be w(-3). Calculate the greatest common factor of s and t.
5
Suppose 42*k - 44*k - 126*k + 8832 = 0. Calculate the greatest common divisor of 3151 and k.
23
Suppose -32*l - 9*l = -12*l - 14935. What is the highest common factor of 3708 and l?
103
Let d = -19 - -23. Suppose -3*f - f = -3*t - 16, 4*f + 2*t - 16 = 0. Let u be f*(21/6)/((-3)/(-6)). What is the highest common divisor of u and d?
4
Suppose 79087 = 9*u - 48038. Suppose 27*a - u = -4405. What is the highest common divisor of 40 and a?
40
Let w(z) = 8*z + 579. Let b be w(-71). Let j(i) = i**2 - 4*i - 3. Let r be j(5). Calculate the greatest common factor of b and r.
1
Let v(y) = 11*y**2 + 6*y + 8. Let p be v(5). Suppose -u + 420 = 3*u + 4*z, -3*u = z - p. What is the greatest common divisor of u and 78?
26
Let u = 116 + -74. Suppose -5*n = 4*a - 38, -3*n - 132*a + 133*a + 50 = 0. Calculate the greatest common divisor of n and u.
14
Let j(i) = -i**3 + 13*i**2 - 16*i - 15. Let s be j(9). What is the highest common divisor of s and 45?
15
Suppose -4*q + 2*b = -278, 0 = -q - q - b + 133. Suppose -5 - q = -f. Let s = 22 + f. Calculate the highest common factor of 38 and s.
19
Suppose 0 = 6*n - 4*n + 24. Let j be (n/(-5))/(94/1645). What is the greatest common divisor of 30 and j?
6
Let d = -17 + 25. Let f(r) = -13*r + 115. Let l(q) = 33*q - 285. Let k(x) = 12*f(x) + 5*l(x). Let b be k(d). Calculate the highest common divisor of b and 18.
9
Suppose 0 = 2*g - 7*g. Suppose 5*r = -g*r + 920. Suppose 6*p = -14 + 152. What is the highest common divisor of r and p?
23
Suppose -5*p + 35118 = 24*p - 26*p. What is the highest common divisor of 6 and p?
6
Let p be 42*(-1)/(-8)*(-2256)/(-9). Calculate the greatest common factor of p and 112.
28
Suppose -666 = -3*d + 2*f - 5*f, 4*f = 4*d - 872. Let j = d + -172. Calculate the highest common divisor of j and 912.
48
Suppose -9343*w + 9360*w - 170 = 0. What is the highest common factor of 310 and w?
10
Let f = 525 + -1450. Let g = 1492 + f. Calculate the greatest common factor of 27 and g.
27
Suppose -x + 76 = -247. Suppose 3108*y - 3344 = 6192*y - 3172*y. Calculate the highest common divisor of y and x.
19
Let w(p) = 2*p**2 + p + 23. Let b(h) = -h**2 + h. Let i(o) = -3*b(o) + w(o). Let q be i(-6). What is the highest common factor of q and 129?
43
Let v = 517 - 425. Let t be (-22)/(-4) + 63/(-42). Calculate the greatest common divisor of t and v.
4
Let r be 8/(3 + 7 + -9). Let z(y) = 4*y - y - 2 + 0 - 3. Let q be z(7). Calculate the greatest common divisor of r and q.
8
Let v(m) = m**3 + 23*m**2 - 6*m + 472. Let y be v(-24). Let i(w) = -6*w. Let d be i(-5). What is the highest common divisor of d and y?
10
Let d = -150 + 307. Suppose 4*l + 129 = d. What is the greatest common factor of l and 91?
7
Let z(v) = 4381*v - 186. Let p be z(3). Calculate the greatest common factor of 42 and p.
21
Let h = 1775 + -1764. What is the greatest common factor of h and 3113?
11
Let x = 3651 + -3475. Calculate the greatest common divisor of 2068 and x.
44
Suppose 2352 = 7*c + 2*k, -97*c + 96*c + 331 = k. What is the highest common factor of c and 26?
26
Let x = -141 + 264. Let f = x - -75. Suppose c - 17 = -t + 2, 2*c = -t + 20. What is the greatest common factor of f and t?
18
Let y = 734 + -560. What is the greatest common factor of 348 and y?
174
Suppose -5*f + 189 = 164. Let h be 6/4*420/9. Calculate the highest common factor of f and h.
5
Suppose -38*c + 9240 = 10*c - 5352. What is the greatest common factor of 224 and c?
16
Let z(u) = 140*u - 4196. Let y be z(30). What is the highest common divisor of y and 1132?
4
Let r(f) = -73*f - 725. Let o be r(-32). What is the greatest common divisor of 358 and o?
179
Let t be (0 + 45/(-12))*-24. Let c = -90 + t. Suppose 4*q - 69 - 11 = c. Calculate the greatest common divisor of q and 30.
10
Suppose 2*m + 20 = 5*p + 3, -4*m = 3*p - 31. Suppose 1870 = p*h + 4*x, 4*h - 1870 = -h - 2*x. What is the highest common factor of h and 34?
34
Let n be (-25*(-14)/(-35))/(-1)*(12 + -2). Calculate the greatest common divisor of 108 and n.
4
Let j = -120 - -218. Suppose -13*i = -i - 24. Suppose -i*y + 42 = y. What is the highest common factor of j and y?
14
Let z be 99/(-2)*18/(-27)*3. Calculate the greatest common factor of z and 14223.
33
Let r = 80190 + -51390. Calculate the highest common factor of r and 256.
128
Let k = -502 - -4912. Let g be k/50 + 3/(-15). What is the greatest common divisor of 33 and g?
11
Suppose 2*j + 0 = 3*g + 6, -4*j + 5*g = -12. Let c(b) = 23 + 28 + 32*b**2 - 21 + 2*b**j. Let z be c(-16). What is the highest common factor of z and 15?
15
Suppose 0*d - q = 2*d + 43, -5*q - 68 = 3*d. Let x = d - -92. Suppose 3*c - 2*h = 54 + 60, 0 = 2*c - 3*h - x. Calculate the greatest common factor of 8 and c.
8
Let u(p) = -2*p**2 - 7*p - 15. Let f(s) = 5*s**2 + 16*s + 28. Let z(t) = 4*f(t) + 7*u(t). Let j be z(-6). Calculate the highest common factor of j and 7.
7
Let g = -5817 + 5831. Let f be 32/12*3/2. Suppose y = -f*y + 70. What is the highest common divisor of y and g?
14
Let a = 21 + -18. Suppose -14*p + a*p = 0. Suppose s - 5*m + 11 = p, -5 = m - 2*m. What is the greatest common factor of s and 112?
14
Let t be -3 + 18/3 - -41. Suppose -29*d + 33*d = 88. Calculate the greatest common factor of t and d.
22
Suppose 97*r = 672 + 7. What is the highest common factor of r and 98?
7
Suppose -5*g - 2*j = -92, 3*j + 102 - 33 = 4*g. Let t be (3/2)/((-22)/(-6996)). Calculate the highest common divisor of t and g.
9
Suppose 3 = 4*k - 1. Let w = 156 + -111. Suppose 173*p - w = 168*p. What is the greatest common factor of k and p?
1
Suppose -886292 - 720016 = -66*o. Calculate the highest common divisor of 86 and o.
86
Let n = 337 + -28. Let k = -282 + n. What is the greatest common factor of k and 675?
27
Let h(q) = q**2 + 22*q + 1. Let w = 98 + -89. Let g be h(w). What is the greatest common divisor of g and 56?
56
Suppose -4*w + 275 - 2791 = -3*x, -2501 = -3*x + w. Calculate the highest common divisor of x and 128.
64
Suppose 0 = 6*q - 8*q - 8, 5*q + 28 = r. What is the highest common divisor of 244 and r?
4
Let j(o) = o**3 + 26*o**2 + 21*o - 87. Let r be j(-25). What is the greatest common divisor of r and 29?
1
Suppose 33*r + 136 = -r. Let c(j) = j**3 + 7*j**2 + 22*j + 60. Let f be c(r). What is the highest common divisor of f and 215?
5
Suppose -41*b - 324 = 4. Let a be 2811/12 + (2 - (-18)/b). Calculate the greatest common factor of 27 and a.
9
Let j be (((-16)/6)/(16/(-6)))/(2/150). Calculate the highest common divisor of j and 540.
